sor of w and 6?
3
Suppose 0*p - 7 = -4*p + 3*u, p = -3*u + 13. Calculate the highest common factor of p and 6.
2
Let o be (-3*3)/(6/20). Let i = -2 - o. What is the highest common divisor of 70 and i?
14
Let n = 29 + -13. Suppose -2*u + 8 = z - n, -5*z + 120 = 2*u. Calculate the greatest common factor of z and 60.
12
Let h(g) = 2*g**2 - 3*g + 1. Let o be h(2). Suppose q = o*q - 10. Let r = q + -4. What is the highest common divisor of r and 8?
1
Let s be 695/7 - (-14)/(-49). What is the highest common divisor of s and 11?
11
Let l(b) = 4*b**2 + 23*b + 6. Let j be l(-6). What is the greatest common factor of j and 228?
12
Let j = 598 + -566. Let h = 5 - -3. What is the greatest common factor of j and h?
8
Let y(w) = -6*w - 1. Let u(a) = 19*a + 2. Let t(h) = 2*u(h) + 7*y(h). Let g be t(-2). Suppose -g = -3*d + 61. Calculate the greatest common factor of d and 11.
11
Let g be 4/2 - (-17 + -5). Suppose q - 7 + 2 = 0. Suppose 2*x - 304 = -q*u, 190 = -3*u + 6*u + 5*x. Calculate the greatest common divisor of u and g.
12
Let k = 130 + 5. What is the highest common factor of k and 15?
15
Suppose 2*u - 9 = -u. Suppose 3*s + u*k = 36, -4*k - 22 = -3*s - 0*s. Let n(b) = b**2 + 2*b + 6. Let g be n(-6). What is the highest common divisor of s and g?
10
Suppose 0 = -5*g - 4*r + 36, -6*g + g - 5*r + 35 = 0. Suppose -g = -h + 3. What is the greatest common factor of 33 and h?
11
Suppose 5*t - 24 = -f - 2*f, 0 = 4*t + 5*f - 27. Let m be ((-20)/(-6))/((-26)/(-117)). Calculate the greatest common divisor of m and t.
3
Let g(t) = -2*t**3 - 9*t**2 + 6*t - 13. Let w be g(-6). What is the highest common factor of 413 and w?
59
Let f(u) = -46*u + 14. Let w be f(-4). What is the greatest common factor of 22 and w?
22
Suppose -4*s + 14 = -50. Suppose p = -5*c + 721, 2*c + 2*c + 5*p - 581 = 0. What is the highest common factor of c and s?
16
Suppose 46 = 3*u + 202. Let a = 112 + u. Suppose 5*w - 5*b - 277 = 23, -w + 2*b = -a. What is the highest common divisor of 12 and w?
12
Suppose 4 = 4*t - 0. Suppose -43 = -3*s + 3*h - 7, h - 15 = -2*s. What is the highest common divisor of t and s?
1
Suppose -11 = -2*w + 3. Suppose 3*u - w*u = -8. Suppose 0 = -7*b + u*b + 50. Calculate the highest common divisor of b and 110.
10
Suppose 0 = 5*u - 146 + 26. Suppose -5*s = -2*s. Let c(l) = -l**3 + 12. Let y be c(s). Calculate the greatest common divisor of u and y.
12
Suppose -13 = -r + 1. Let h(a) = 10 - 2*a - 6*a - a**3 - 7*a**2 - 2*a. Let n be h(-8). What is the highest common divisor of r and n?
14
Let u be (4 - 0)*165/12. What is the highest common divisor of u and 33?
11
Let c(u) = u**2. Let q be c(-2). Suppose -2*i - f - 3 = -18, -2*i = -f - 9. Calculate the highest common divisor of q and i.
2
Suppose 3 = 3*o - 6. Let i be (24/(-10))/(o/15). Let x = 21 + i. Calculate the greatest common factor of 27 and x.
9
Let f(w) = w - 6*w + 2 - 8. Let j be f(-4). Calculate the greatest common factor of j and 42.
14
Suppose 4*x - 4*k + 116 = 0, -3*x - 7*k + 3*k = 122. Let c = -2 + -2. Let p be x/c - (-1)/(-2). Calculate the greatest common divisor of 1 and p.
1
Let s be (172/(-1))/(-4) + -3. What is the highest common factor of 8 and s?
8
Suppose 23 + 23 = 2*p. What is the greatest common factor of p and 92?
23
Suppose 5*x + 2*n = -12924, -2*x + 4*n - 8*n - 5160 = 0. Let w be 8/12*x/4. Let j = w - -611. Calculate the greatest common factor of j and 20.
20
Suppose 5 = 6*a - 43. Calculate the highest common factor of a and 24.
8
Let r be (-349)/(-4) + (-15)/(-20). Suppose 5*k + r + 32 = 0. Let h be 2/((-2)/k*3). Calculate the greatest common divisor of h and 2.
2
Suppose 4*s = -3*g + 15, s = g - 3*s - 5. What is the highest common divisor of g and 20?
5
Let z = -203 + 445. What is the highest common factor of z and 22?
22
Suppose a + 2 = 4. Let g = 8 - a. Let k be -6*3/(-2) - -3. Calculate the greatest common factor of k and g.
6
Let p = -67 - -115. Suppose 2*r - 4*f = -9*f + p, -2*f = -r + 6. Calculate the highest common factor of 126 and r.
14
Let x(f) = f**3 + 4*f**2 - f + 3. Let c = 4 + -8. Let d be x(c). Calculate the highest common factor of d and 35.
7
Suppose 3*a - a - 32 = 0. Suppose -5*r - 4*d + 36 = 0, 0 = -3*r - 3*d + 21. Calculate the highest common factor of a and r.
8
Let x be (1 - -1)*(-85)/(-34). What is the greatest common divisor of 5 and x?
5
Let k = 11 + -1. Let d = k + -7. Suppose 0 = d*v + 16 - 121. What is the highest common divisor of v and 7?
7
Let p(y) = -4*y - 11. Let q(v) = v**2 + 7*v + 4. Let c be q(-4). Let g be p(c). What is the greatest common factor of 3 and g?
3
Let j(u) = -u + 7. Let q be j(-7). Calculate the greatest common divisor of 2 and q.
2
Suppose 5*j + f + 1 = -15, -4*f = -2*j - 24. Let x be (-6471)/(-36) - 1/j. Calculate the highest common factor of x and 18.
18
Suppose -733 + 128 = -5*c. Suppose -5*f - c = -5*m - f, -3*f = 12. What is the greatest common divisor of 63 and m?
21
Suppose -3*s + 23 = -4*r, -5*r - 35 = 5*s - 10*s. Suppose s*h = 2*h - 5*a + 103, h - 3*a = 39. Let u = h - 14. Calculate the highest common divisor of u and 55.
11
Suppose -5*r - 2*d = -20, -2*r = -r + 3*d - 17. Suppose 3*z = r*z + 35. Let o = z - -10. What is the highest common divisor of o and 18?
9
Let r(c) = -c**3 - 3*c**2 + 3*c - 1. Let f be r(-4). Let s be (0 - f/(-6))*6. Let m be ((-10)/8)/(s/(-204)). Calculate the highest common divisor of m and 34.
17
Let l be (-2 - 1) + -5 + 33. Let k = l - 10. What is the highest common divisor of k and 30?
15
Let a(j) = j**2 + j - 11. Let c be a(-8). Let l(r) = -r**3 + 4*r**2 + 2*r - 2. Let x be l(-2). What is the highest common factor of x and c?
9
Suppose 3*f - 2*b - 43 = 0, 0 = -3*f + f - 4*b + 34. Calculate the greatest common factor of 45 and f.
15
Let r(f) = f**2 - 19*f - 10. Let d be r(22). What is the greatest common divisor of 28 and d?
28
Let d(g) = -3*g - 40. Let b be d(-14). What is the greatest common factor of 20 and b?
2
Let m(u) = 4*u - 6. Let c be m(2). Let s = 2 + -8. Let r = s - -8. What is the greatest common factor of c and r?
2
Suppose 0 = -v - 2*u + 18, 3*u = 3*v + 2*u - 54. Calculate the highest common factor of 72 and v.
18
Suppose 0 = 4*k + 4*o - 40 - 84, 5*o + 55 = 2*k. What is the highest common factor of k and 20?
10
Let z = -9 - -14. Let f(r) = r**3 - 7*r**2 + 4*r + 7. Let s be ((-63)/(-3))/(-3)*-1. Let b be f(s). What is the highest common divisor of b and z?
5
Let d = 13 - 7. Suppose y + d = 22. What is the greatest common divisor of 160 and y?
16
Suppose -u + 30 = 4*k, u = -7*k + 4*k + 22. Calculate the greatest common factor of k and 4.
4
Let y = 20 + 6. Calculate the greatest common factor of y and 52.
26
Let f(o) = 8*o**2 + 7*o + 10. Let l be f(5). Calculate the greatest common factor of 35 and l.
35
Let m be (0 + (-12)/4 + 102)/1. What is the highest common divisor of 11 and m?
11
Let t = -142 + 155. What is the greatest common divisor of t and 377?
13
Suppose -65 = -7*b + 2*b. Let n(s) = -s**2 + 18*s - 13. Let a be n(b). Calculate the highest common factor of a and 130.
26
Suppose -10*o + 36 = -o. Calculate the greatest common factor of o and 28.
4
Let h(n) = -3*n**3 + 6*n. Let q(j) = -13*j**3 + 25*j. Let w(o) = -9*h(o) + 2*q(o). Let d be w(3). Let f = 45 - d. What is the highest common factor of f and 20?
10
Let k(y) = y**3 + 3*y**2 - 2*y + 6. Let z be k(-3). What is the highest common factor of z and 24?
12
Suppose a + 27 = 153. Calculate the highest common factor of 18 and a.
18
Let b(c) = c**2 - 5*c + 15. Let u(a) = -a - 1. Let t(x) = b(x) - 4*u(x). Let y be t(0). Suppose -z + 21 = -y. Calculate the highest common factor of 4 and z.
4
Let y(o) = o**3 - 16*o**2 + 17*o - 27. Let v be y(15). Suppose 4*a = -3*p + 63, -5*p = 4*a + 1 - 74. What is the greatest common factor of a and v?
3
Suppose 12 = -4*r - 48. Let y be 5/(r/396)*-1. Calculate the highest common factor of y and 12.
12
Suppose 0*r - 56 = -4*r. What is the highest common divisor of r and 14?
14
Let h(l) = l**3 + l + 4. Let u(t) = -t**2 - 6*t. Let q be u(-6). Let n be h(q). Let b be n/14 - (-330)/21. Calculate the highest common divisor of b and 144.
16
Let f(i) = -i**2 + 8*i + 7. Let h be f(7). Let p = 14 - 31. Let r = -3 - p. What is the greatest common factor of h and r?
14
Let g = -83 - -93. Let n be (-14)/(-3) + (-2)/